 is the highest common factor of 12 and d?
12
Suppose -q - 4*j + 0*j = -6, 4*j = -4*q + 48. Calculate the highest common factor of q and 21.
7
Let m(z) = z**2 + 6*z - 25. Let g be m(-10). Calculate the highest common factor of 6 and g.
3
Suppose -261 - 419 = -4*h. Suppose -12 = 4*o, 0 = -2*x - o + 5*o + h. Suppose x + 11 = 5*y. Calculate the highest common divisor of 180 and y.
18
Suppose 5*d - 104 = -24. Suppose 3*i - 117 = 2*y, -3*y - 62 - d = -2*i. Let m = 60 - i. Calculate the greatest common divisor of m and 7.
7
Let c(n) = 9*n - 6. Let v be c(4). Calculate the highest common factor of 40 and v.
10
Let h(o) = 5*o**2 - 2*o + 3. Let l be h(1). What is the greatest common divisor of l and 48?
6
Let x(t) = -5*t - 24. Let i be x(-12). Suppose 3*l = -r - 10, 8 = -5*r - 2*l - 3. Let p be 25/2 - r/(-2). Calculate the highest common divisor of i and p.
12
Let v be 2*(-2)/(-2) + 2. Suppose -7 = 4*x - v*h + 33, 5*h - 15 = 0. Let j = x - -10. Calculate the greatest common divisor of j and 1.
1
Suppose 3*o + o = 5*j + 27, -5*o = 2*j - 42. Let l be 4*15/6 - 2. Let k be 1/(4/l) - -6. Calculate the greatest common factor of k and o.
8
Suppose -1 = -2*b + 5. Suppose 0 = -b*q + 2*q + 20. What is the greatest common divisor of 5 and q?
5
Let s be (4/6)/((-4)/(-24)). Suppose -l + 5*q + 9 = -21, -2*l = s*q - 4. Let o be (0 - -2)*75/6. Calculate the greatest common divisor of l and o.
5
Suppose 0 = -5*b + 9*b - 24. Calculate the greatest common factor of 42 and b.
6
Suppose -16*i = -6*i - 140. What is the greatest common factor of 35 and i?
7
Let n be (-4)/6*3/(-2). What is the greatest common factor of n and 4?
1
Let v be (-14)/(-10) - 4/10. Let s be (-2)/4*(-31 + v). Calculate the highest common divisor of s and 105.
15
Let g(b) = b**3 - 7*b**2 - 18*b + 21. Let n be g(9). Calculate the greatest common factor of 231 and n.
21
Let f be 0*(-3)/(-2 + -1). Suppose -4*r + f*r + 144 = 0. Suppose -r = -x - 16. What is the highest common factor of x and 8?
4
Let u(c) be the first derivative of -c**4/4 + 11*c**3/3 - 9*c**2/2 + 9*c + 4. Let v be u(9). What is the greatest common factor of v and 60?
30
Let t(p) = 3*p - 18. Let d be t(12). Suppose -3*k = 3*k - d. Calculate the greatest common divisor of k and 2.
1
Suppose -5*a = -t - 11, -6*a + 15 = -5*a + 3*t. Let n = -1 + a. What is the highest common factor of 1 and n?
1
Suppose 0 - 2 = -j. Suppose 4*x - j*f - 8 = -2, 3*x - 1 = 5*f. Calculate the highest common divisor of 10 and x.
2
Suppose -2 - 3 = -2*x - 3*c, 5*x + 50 = 5*c. Let s be (-56)/(-6)*(1 - x). Let q = 47 - 33. Calculate the highest common divisor of s and q.
14
Suppose 0 = -2*f + 24 + 40. Calculate the greatest common factor of 16 and f.
16
Let w = -6 + -1. Let g = 1 - w. What is the highest common divisor of g and 88?
8
Suppose 2*t - 1 - 3 = 0. What is the highest common divisor of t and 16?
2
Let a be ((-27)/(-15))/((-2)/(-10)). Calculate the highest common factor of 9 and a.
9
Let f = -11 + 15. Let q = -61 - -93. What is the greatest common divisor of f and q?
4
Let w(o) = 6*o - 2. Let d be w(1). Calculate the greatest common divisor of d and 4.
4
Suppose 53 = 5*y - 7. Suppose 0 = 4*q - h + 3*h - 192, -5*h - 240 = -5*q. Calculate the greatest common divisor of y and q.
12
Let i(f) = -87*f**3 - 2*f**2 - 2*f + 1. Let k be i(-1). Calculate the greatest common divisor of k and 8.
8
Let p be 280 + -3 - (-6)/(-3). Suppose -k + 2*u + 14 = -11, -4*u - 100 = -4*k. Calculate the highest common factor of k and p.
25
Let a(j) = j**3 + 1 + 6*j**2 + 0*j**3 + 4*j - 2*j. Let h be a(-5). Suppose -k = -h - 24. What is the highest common divisor of 5 and k?
5
Let n = 1 + -3. Let r = n - -4. Suppose -2*p = -3*p + 2. What is the highest common factor of r and p?
2
Let n(b) = b**3 + b**2 - 1. Let d be n(-1). Let x be d - 1/(1/(-10)). Let u(m) = m**2 - m + 7. Let i be u(5). Calculate the highest common divisor of x and i.
9
Let t(j) = 0 + 0*j + j + 4*j + 3. Let k be t(4). Calculate the highest common divisor of k and 161.
23
Let m be 4/(-30) + (-5964)/(-180). Let c = 16 - 13. What is the highest common divisor of m and c?
3
Let q(s) = -3*s - s**2 + 2*s + 0*s. Let l be q(0). Suppose l = -4*t + t + 363. Calculate the highest common factor of 11 and t.
11
Suppose -2*o + 24 = o. Calculate the highest common factor of 1 and o.
1
Let c(b) = -b. Let a be c(-9). Calculate the highest common factor of a and 27.
9
Let u = 370 - 237. What is the highest common divisor of 7 and u?
7
Suppose -5*l + 17 = -4*c, -2*c + l + 0 = 1. Let v = 28 + c. Let s(y) = y**2 - 15*y + 15. Let h be s(15). Calculate the greatest common divisor of h and v.
15
Let y = -23 - -45. What is the greatest common divisor of y and 2?
2
Suppose o - 687 = -3*l, 2*l + o = 361 + 97. Let j = l + -92. Suppose 2*p + 3*p = -2*v + j, 32 = p + 5*v. What is the highest common divisor of 18 and p?
9
Let i = 90 + 86. Suppose 8*g - 3*g = 110. Calculate the highest common divisor of g and i.
22
Suppose 3*j = -0*v - 2*v + 45, 5*v + 3*j - 126 = 0. Suppose -2*p - 3*q + 2 + 1 = 0, -5*q = -3*p + 52. Calculate the highest common divisor of p and v.
9
Let q be 1/3 + (-126)/(-27). Suppose 0 = -p + 4 + q. Calculate the highest common divisor of 63 and p.
9
Let m(u) = -4*u**2 + 3*u - 3. Let z be m(3). Let p be z/(-10) + 107 + 0. What is the greatest common divisor of p and 22?
22
Suppose 0 = h - 1, 5*t - 4*h + 55 = 246. Suppose -3*o + 3*s + t = 2*s, -s + 3 = 0. Calculate the greatest common factor of 42 and o.
14
Let a be (2 - (-10)/(-4)) + 366/12. Calculate the highest common divisor of 10 and a.
10
Let s be 4/18 + 16/9. Let r be 1 + -2 - -4 - -3. Calculate the greatest common divisor of r and s.
2
Suppose -3*m = 2*m - 3*x - 56, 3*m - 2*x = 33. Let j(q) = -q**3 - 3*q**2 + 7*q - 4. Let l be j(-7). Calculate the highest common divisor of m and l.
13
Let x = -54 + 56. Calculate the highest common divisor of 14 and x.
2
Suppose -5*n + 4 = -2*q, -n + 2*q - 7*q = -17. Suppose m = n + 4. Let z = 1 - -17. What is the highest common factor of m and z?
6
Let f be 4186/115 + (-2)/5 + 0. Calculate the greatest common divisor of f and 9.
9
Suppose 0*z + 1 = -f + 4*z, -4*f - 3*z = -15. Calculate the highest common divisor of f and 21.
3
Suppose -3*u + 8*u = 60. Calculate the highest common factor of u and 132.
12
Suppose 0 = -2*q - 5 + 13. Let o = 6 - 0. Calculate the greatest common divisor of q and o.
2
Suppose 2*o = 5*y + 29, o - y = 14 - 1. Suppose -4*s = -s - o. What is the greatest common divisor of 6 and s?
2
Let r be 4/(-4 - 0)*(-16 - -3). Calculate the highest common factor of 65 and r.
13
Let r be 2/(-4)*-2 + 3. Let d be (-2 + (-3)/(-1))*-1. Let l be d*(-5)/(10/4). Calculate the highest common divisor of l and r.
2
Suppose 0 = 2*d - 6*d + 4*c + 76, d = 2*c + 22. Calculate the greatest common divisor of 32 and d.
16
Suppose 0 = -d - 5*v + 21, v = 3 + 1. Let g be d/(-2)*(-2 - 0). Let j(f) = f**2 + 3*f - 3. Let x be j(-4). Calculate the highest common factor of x and g.
1
Let s(u) = 3*u**2 + 4*u. Let n be s(-4). Let r(c) = c + 1. Let o be r(2). Let w be 10 - (3*2)/o. Calculate the highest common factor of w and n.
8
Let a = 123 + -121. Let k(j) = j**2 - 34. Let l be k(0). Let w = 56 + l. What is the greatest common factor of w and a?
2
Suppose 2*l = -0*p + 2*p + 176, 3*p = 2*l - 263. Let n be (6/3)/((-4)/394). Let k = p - n. Calculate the highest common divisor of 10 and k.
10
Let i = 5 + -1. Suppose z + 57 = i*z. Let x = -7 + z. What is the greatest common factor of 96 and x?
12
Suppose -3*o - 20 = -o. Let d be o/(-6)*(0 + 24). Calculate the greatest common factor of 8 and d.
8
Suppose -4*d + 2*s = -232, -d + 2*s + 13 + 39 = 0. Let o = -29 - -53. Calculate the highest common divisor of o and d.
12
Suppose l - 77 = -0*l. Calculate the highest common divisor of 11 and l.
11
Let i be 16 + (-1)/((-3)/(-6)). Suppose 4*j + i = m, 4*m - 5*m - 2*j = 10. Let a be (22/(-8))/(m/24). What is the greatest common divisor of a and 3?
3
Let p(b) = -5*b - 2. Let m be p(-3). Let d be 3/(-5) + (-1683)/(-5). Let g = d + -232. What is the highest common factor of g and m?
13
Let r(a) = 13*a. Let h be r(5). Calculate the highest common factor of 26 and h.
13
Suppose 0 = 3*y + 4*a + 80, y - 3*a + 12 = -6. Suppose s - 108 = -2*s. Let f = y + s. What is the greatest